 Let p = -5 + n. What is the units digit of p?
3
What is the units digit of (-2)/(-3) - (-742)/21?
6
Let v(l) be the third derivative of 0 + 0*l - 1/24*l**4 + 0*l**3 + l**2. What is the units digit of v(-1)?
1
What is the units digit of (-4)/(((-9)/33)/3)?
4
Suppose -2*j + 201 = 4*l - j, l - 63 = 4*j. What is the tens digit of l?
5
Suppose -9*i + 3 = -8*i. Suppose 4*a + v - 21 = -6, v + 6 = i*a. What is the units digit of a?
3
Suppose -4*c = -c + 4*t - 401, -3*t - 138 = -c. What is the tens digit of c?
3
Let b(z) = -22*z - 1. Let a(j) = -j**2 - 2*j + 2. Let g be a(-3). Let r be b(g). Suppose -3*y - 3*l + r = 0, -2*y - y = -l - 33. What is the units digit of y?
0
Suppose 0 = d - 2*d. Suppose d = -2*a + 3*f + 12, -f + 4 + 6 = 4*a. Suppose 0 = 3*r - 12, 3*v - 2*r + a = 1. What is the units digit of v?
2
Let z = 20 + -15. Suppose -8 = 4*u - 5*f + f, -u + 22 = z*f. What is the units digit of u?
2
What is the units digit of (-34)/(-153) - (-583)/9?
5
Let h(b) = 0*b**2 - 4*b - b**3 + b + 2 + 2*b + 3*b**2. Let j be h(2). Let c(n) = n**3 - 4*n**2 + 3*n - 4. What is the units digit of c(j)?
8
Let w = 19 + 6. Suppose 4*h - 50 = -2*b + 2*h, 3*h - w = -b. What is the tens digit of b?
2
Suppose 3*p = -4*i + 1464, -4*p = 2*i - 0*p - 732. What is the tens digit of i?
6
Let m(n) = -31*n - 25. What is the units digit of m(-7)?
2
Suppose 5*n - 246 = -3*s - 48, 3*s + 222 = 5*n. What is the units digit of n?
2
Let b = 14 - 22. Let d(h) = -h**2 - 8*h - 9. Let c be d(b). Let y = -7 - c. What is the units digit of y?
2
Let l(t) = -t - 2. Let r be l(-7). Suppose 2*b + r*v + 14 = -b, 2*v = -5*b + 2. Suppose -b*g - 2*g + 40 = 0. What is the tens digit of g?
1
Suppose -g - 90 = g. Let x = -25 - g. Suppose 4*q + 3*n = 7*n + x, 52 = 4*q + 4*n. What is the units digit of q?
9
Let t(a) = 2*a**3 - a**2 - 4*a + 5. Let v(k) = 3*k**3 - k**2 - 7*k + 9. Let q(h) = -5*t(h) + 3*v(h). Let x be q(2). Let c = 5 - x. What is the units digit of c?
5
Suppose 21 = 4*s - 11. Suppose -s*k = -3*k - 135. What is the units digit of k?
7
Let n be (-3 + 2)/(1/(-3)). Suppose 0 = -2*k + 5*j + 5, -n*k + 39 = 2*j + j. What is the tens digit of k?
1
Suppose -2*l = 2*l - 12. Let t(v) = v**3 - 2*v**2 + 3*v - 4. Let d be t(l). Suppose 5*x - 6 = d. What is the units digit of x?
4
Let w(l) = 3 - 1 + l - 2 + 1. Let x be w(-5). What is the units digit of (-1 - x) + -2 + 14?
5
Suppose -4*t + 0*t = -420. Suppose -2*r - 3*r = -t. What is the units digit of r?
1
Suppose -14 = 5*y + 36. Let s be (-104)/y - 2/5. Suppose -s = -4*k + 2. What is the units digit of k?
3
Let h(i) = -2*i**3 - 2*i**2 + 1. Let y be 25/(-10)*12/10. Let a be h(y). Let g = a + -24. What is the units digit of g?
3
Let u(o) = o + 9. Let h be u(-7). Suppose h*a - 2 = -0*a. What is the units digit of a?
1
Suppose -n - 4*m + 3*m = -6, -2*n - 5*m = -18. Suppose -16 = n*d, 0*w - 172 = -5*w + 3*d. What is the units digit of w?
2
Let y(r) = -3*r**3 - 2*r**2 + 3*r. Let x be y(-3). Let s = -25 + x. What is the units digit of s?
9
Let u(a) = -a**3 + 2*a**2 + a + 3. What is the tens digit of u(-2)?
1
Suppose 1 + 15 = 2*c. Let b = c - -1. What is the units digit of b?
9
Let y = 15 + -3. Let j = y + -7. What is the units digit of j?
5
What is the units digit of (-96)/(-10) + 12/(-20)?
9
Let u(b) = 2*b**2 + 2*b - 2. Suppose 1 = o - 10. Suppose 4*a + 32 = 4*v, 3*v - o = a + 7. What is the units digit of u(a)?
0
Let d(k) = k. Let r(y) = 7*y + 2. Let q(s) = -2*d(s) + r(s). Let j be q(6). Suppose 2*o - j = -4. What is the tens digit of o?
1
Let m = 35 + 1. What is the tens digit of m?
3
Let m(y) = 12*y + 3. Let d(p) = p. Let k(w) = 5*d(w) - m(w). What is the units digit of k(-2)?
1
Let n = -1 + 2. Let o = 13 - 20. What is the tens digit of o + 7 + 13*n?
1
Let x = -14 + 34. Let d = -12 + x. Suppose d*r - 42 = 3*r - 2*p, 2*r - 18 = -2*p. What is the units digit of r?
8
Let w = 991 + -601. What is the units digit of w?
0
Let c(z) be the second derivative of -z**4/12 + 2*z**3/3 - z**2/2 + 8*z. What is the units digit of c(3)?
2
Let d(s) = -s**2 + 6*s**2 - s**3 + 1 - 3. Let p be d(2). Suppose p + 9 = 2*k + a, -48 = -5*k - 3*a. What is the units digit of k?
9
Let b(l) = -9*l**2 + l - 1. Let v be b(1). Let h = -5 - v. What is the units digit of h?
4
Suppose -16*l + 452 = -12*l. What is the hundreds digit of l?
1
Let p(m) = 2*m**2 + 9*m + 7. Let g be p(-6). Suppose -g = -4*x - x. Suppose -x*t = -77 + 12. What is the tens digit of t?
1
Suppose -3*r - 151 = 5*u, -139 = 5*u - 2*r - r. Let z = -9 - u. What is the units digit of z?
0
Suppose 4*k + 18 = -2*d, -3 + 1 = 3*d + k. Let h be 1/d + 0 + -2. What is the tens digit of (5/(-5))/(h/13)?
1
Suppose 79 - 17 = 2*t. Suppose z + 2*z + 6 = -3*h, t = 2*h - 5*z. Suppose h*p + 3 = 30. What is the units digit of p?
9
Let p(k) be the third derivative of -13*k**4/8 - k**3/6 + k**2. Let v be p(-1). What is the units digit of v/12 - (-2)/(-12)?
3
Let h = 0 + 2. Let s be (-5)/(-3) + h/6. Suppose s*v - 1 = 2*u - u, 4*v - 4*u = 0. What is the units digit of v?
1
Suppose 0 = -l - 0*l + 87. What is the units digit of 9/15 + l/5?
8
Let a(p) = 2*p**3 - 2*p**2 + p - 1. Let h(i) = -i**2 - 1. Let m(u) = a(u) + 2*h(u). What is the units digit of m(3)?
8
Let q be 10/30 - (-16)/6. Let x(f) = -6*f**2 - 5*f + 1. Let u(b) = -b**2 - b. Let z(i) = 5*u(i) - x(i). What is the units digit of z(q)?
8
Let v(y) = 27*y - 33. What is the hundreds digit of v(9)?
2
Let f = -6 + 6. Suppose 32 = 2*g - 4*n, f = 2*g - 0*g - 2*n - 28. What is the units digit of g?
2
Suppose -i + 1 + 4 = 0. Suppose i*b + 4*p = 8 + 3, 0 = -2*b + 2*p + 8. Suppose -c + b = -9. What is the units digit of c?
2
Let s(u) = -u + 2. Let k be s(1). Let w(p) be the third derivative of 2*p**6/15 - p**3/6 + 2*p**2. What is the units digit of w(k)?
5
Suppose 0 = 3*u - 8*g + 4*g - 46, -3*u = -3*g - 45. Let c = u - -5. What is the units digit of c?
9
Let u = -69 + -4. Let f = u + 111. Suppose 0 = -3*z + 5*l + 26, f = 4*z - 2*l + 8. What is the units digit of z?
7
Suppose 0 = 3*v + 3, -2*v = -b - 2*b + 230. What is the tens digit of b?
7
Let o be (54/4)/((-1)/(-6)). Suppose o = 3*p - 9. What is the tens digit of p?
3
Let r(o) = 2*o**2 - 6*o + 5. Let x(i) = -4*i**3 - i - 1. Let c be x(-1). What is the tens digit of r(c)?
1
Suppose 4*g - 2 - 14 = 0. Suppose 0 = -8*k + 4*k - g*o + 76, -2*k + 26 = -2*o. What is the tens digit of k?
1
Let v(r) = r**2 - r + 22. Let y be v(0). Suppose 0 = -3*z + z + y. What is the units digit of z?
1
Let n = 16 - -2. Suppose -85 = 13*q - n*q. What is the units digit of q?
7
Let h(d) = -d. Let q be h(-3). Let j(l) = q + l - 6*l + 4*l. What is the units digit of j(0)?
3
Let o = -80 + 55. Let j = 44 + o. What is the units digit of j?
9
Let c(x) = -x**3 + x**2 + 2*x + 1. Let u be c(2). What is the tens digit of 3 + (-120)/(-4) + u?
3
Let d(i) be the third derivative of i**6/120 + i**5/20 + i**4/12 + 2*i**3/3 + 2*i**2. Let g be d(-3). What is the units digit of (12/(-10))/(g/5)?
3
Let u(z) be the first derivative of -z**3/3 - 4*z**2 - 6*z + 5. Suppose 0 = -l + 3*w - 2*w - 10, -5*l + 4*w - 45 = 0. What is the units digit of u(l)?
9
Let p = -5 - -5. What is the units digit of 45 + (-6 - (p - 3))?
2
Let k(o) = o**3 - 7*o**2 + 8*o - 2. Suppose -2*t = 6 - 18. What is the units digit of k(t)?
0
Let z(c) = c**2 + 2*c. Let y be z(2). Let f = y - 5. What is the units digit of f?
3
Let s(t) = t**3 - 4*t**2 - 2*t. Suppose -3*j + 4*j = 11. Let o = j + -6. What is the tens digit of s(o)?
1
Let l = -7 - -21. Let m be 4/(-10) - l/(-10). What is the units digit of 1/(16/(-17) + m)?
7
Suppose -3*h + 4 = -2*h. Let s be (0 - 7/(-2))*h. What is the tens digit of (3 - 5) + 1*s?
1
Let j(f) = f**3 - 10*f**2 + 12*f + 2. Let u(p) = -p**3 - 2*p**2. Let d be u(-3). What is the units digit of j(d)?
9
Suppose -t + 41 = 4*x - 14, 4*x = 2*t - 50. Suppose -c - t = -4*c - 5*n, -2*c = 2*n - 22. What is the units digit of c?
0
Let g(o) = -197*o + 4. Let d be g(15). What is the tens digit of d/(-91) - (-6)/(-14)?
3
Let c = 26 + -14. Suppose 0 = p - c - 3. What is the tens digit of p?
1
Suppose s - c - 8 = 0, 4*s - 1 = -c + 16. Let l(v) = 3*v**3 - 5*v**2 - v - 1. Let u(t) = -t**3 + 1. Let b(w) = -l(w) - 2*u(w). What is the units digit of b(s)?
4
Let b = 256 + -175. What is the units digit of b?
1
Suppose l = 3*